4 - 1)).
1
What is (-17 - 3 - -7) + 22 + (-4 - -12)?
17
Evaluate 195 + -83 + -55 - 124.
-67
-52 - (-174 - (82 - 148))
56
What is 244 + -63 + (179 - 269)?
91
Evaluate -1 + 4 + (4 - 2) - (192 - (-136 + 313)).
-10
Evaluate -203 - (-78 - (-17 - -10)).
-132
Calculate -11 - (-9 + 4 + -2 + -4 + 8).
-8
What is 12 + (-20 - -3) + 44?
39
What is the value of -22 + (2 - 8) + (5 - ((-24 - -4) + 18))?
-21
Calculate -1 + 8 - (60 - (96 + 1)).
44
7 - (1 + 2 - (-4 + 11) - -8) - -8
11
Calculate -6 + -1 + -335 + 367.
25
What is 157 + 85 + -229 - (0 + -41) - -13?
67
Evaluate -8 + 2 - (0 - (-12 - 2 - -19)).
-1
What is -82 - (-161 - (101 - 76))?
104
What is the value of -20 + (-108 - -108 - (3 + -123))?
100
What is the value of -236 + 251 + 8 + -2 + 12?
33
Evaluate -5 + 3 + -9 + 11 + -10 + -21 + -19.
-50
Evaluate 1 - (47 + -47 - (0 + 8)).
9
Evaluate -63 + 3 + (639 - 607).
-28
111 + -59 + 15 + -84
-17
Calculate -4 + (30 - -6 - 52 - (0 + -13)) - 20.
-27
Calculate (142 - -6 - (3 + -1)) + 263 + -83 + -181.
145
Calculate -15 + (-3 - 18) + 10 + 102.
76
Calculate 104 + -105 + 88 + -50.
37
What is the value of -46 + 44 - (-1 - -10) - (4 + -10)?
-5
Calculate (19 + -28 + -51 - 2) + 24 + -7.
-45
Calculate -25 + 5 - (-171 - -151).
0
Evaluate -9 + (-2 - -3) - (27 + (16 - (-14 - -27))).
-38
What is the value of -97 - -111 - (-6 - (1 + 1) - -55)?
-33
13 - (43 + 14 + -21 + -86)
63
What is the value of 397 - 257 - (171 + -19)?
-12
What is (-28 - (-26 - 14)) + -41 - 52?
-81
-1 + (-1 + 11 - (52 - 51)) + 56
64
77 - 65 - (19 + (-5 + 3 - -3)) - -7
-1
What is the value of 7 - (4 - (-3 - 1) - 17 - (89 + 0))?
105
Evaluate 5 + 1 + -58 + -159 + 168.
-43
What is (-1 - 30) + (-74 - -1) + 83?
-21
Calculate (-23 - -9) + 13 + -25 + -3.
-29
64 + (-111 - -91) - -38
82
What is the value of -1029 - -1052 - (1 + 77 + 2)?
-57
What is the value of -11 + (47 - 5) - (36 - 17)?
12
Evaluate 294 + -73 + -38 - 98.
85
Evaluate (11 - (-241 + 228 - (-27 + 1))) + (11 - 0).
9
What is 195 + -27 + 118 + -251?
35
Calculate -30 - (7 - (14 - (2 + 9)) - (-4 + 1)).
-37
Evaluate (55 - 2) + (111 + -82 - (3 - -23)).
56
What is -5 + (-19 - -20) - -33 - -13?
42
What is the value of 43 - (40 + (11 - 30))?
22
What is (-64 - -137) + (-1 - (-9 + 1))?
80
Evaluate 2 + (2 - -1) - (18 + 27 + 16).
-56
Evaluate (43 - (85 + 2)) + 21.
-23
What is (-42 - -71) + 7 - -6?
42
Calculate -21 + (489 - 456 - (0 - 38)).
50
78 + -52 + (-51 - (-3 + 13))
-35
Evaluate 1075 + -1017 + (1 - (-3 - 13)).
75
What is -14 - (1 + 29 + 2 + -9)?
-37
Calculate -73 + 120 + -121 + 55.
-19
Evaluate (-4 - 6) + 26 + -52 + (2 - 9) + 9.
-34
67 + (71 - 85) - (2 + -18)
69
Calculate -1 + 50 + -52 + (25 - -2) - 1.
23
-30 - (-41 - 0) - -9
20
Calculate 43 + -22 - -111 - 75.
57
0 - (-5 - 7) - (-72 + -15)
99
(9 + 2 + -50 - -47) + -87
-79
Calculate (-108 - (-143 - -85)) + 1 + -43.
-92
Calculate -1 + (-14 - (-4 + 8 - 24)) + 87 - 8.
84
Calculate (-12 - -11 - (-3 + -51)) + -5 + 5 + 0.
53
Evaluate 23 + (26 - 22) + -11 - 64.
-48
What is the value of -54 + 54 + 18 + 17?
35
(60 - (54 - 8)) + (89 - 3)
100
What is the value of (-210 - -260) + (-2 - 2 - 4)?
42
Evaluate -77 + (3 + -25 - (-108 - -73)).
-64
(29 - (33 - 11 - 5)) + (-10 - -1) + -58
-55
What is (94 - (2 - 1)) + (-538 - (-403 + -138))?
96
Evaluate -33 + 7 + 10 - -15 - (26 + 0) - -4.
-23
62 - (-39 + 84 + -6) - (8 + 2)
13
What is -88 + -45 + 113 - (39 - -1)?
-60
(0 - 0) + 74 + -68 - (-11 + 3 + 1)
13
-11 - (2 + -6 - -4) - (1920 + -1849)
-82
Evaluate -332 + 239 + -64 + 14.
-143
What is the value of 1 + -16 - (-2 + -1 - (348 - 353))?
-17
What is -25 + 13 + 58 + -40?
6
Calculate (-19 + (-10 - -11) + -67 - (-2 - -4)) + 8.
-79
Calculate 56 - (1 - (-6 + (3 - -31) + -14)).
69
Evaluate (-107 - -13) + 67 + (-29 - -2).
-54
10 + (22 - 15) - (4 - 0) - 62
-49
(-5 - -25) + -2 + (12 - 17)
13
Calculate -69 - ((245 - 125) + -89).
-100
What is the value of 71 + ((-33 + -14 - -13) + 21 - (-5 + -2))?
65
Calculate 41 - 23 - (57 + -105).
66
26 - -6 - (-205 + 261)
-24
-4 + (9 - (-13 + 15)) + 22
25
Calculate (-26 + 34 - -6) + (-8 - -22).
28
-29 + (30 + -22 + 16 - 86)
-91
Calculate -6 + (-7 + 21 - (8 - -4) - 15).
-19
-2 + (-33 - -6 - -6) + 60
37
(9 - -26 - 34) + (1 - -6) + 20
28
(1 - (-34 + 12)) + -9 - (-4 - -3 - 13)
28
Calculate 3 - 19 - (11 - 2).
-25
Calculate -56 - ((27 - 37) + (3 + -11 - -2) + 11).
-51
(-8 + 0 - -11) + 2 + -13 + 41
33
Calculate -5 + (5 - ((46 - 8 - 47) + -1 + 125)).
-115
What is the value of -4 + 2 + -13 - (-3372 - -3302)?
55
Calculate 18 - (14 + 6 + 20) - 110.
-132
Calculate 6 + 0 + 9 + (-32 - (-10 - 8)) + -48.
-47
Calculate (30 - 0) + (-60 - (-52 - 22)).
44
What is 4 + 2 + 15 + -43?
-22
Evaluate -2 - (-367 - -356 - ((-1 - 2) + 48)).
54
-354 + 323 + (-5 - 1) + 8
-29
What is (6 + 9 - 1 - ((5 - -28) + -18)) + -31?
-32
What is (4 + (-18 - (10 + 1)) - -15) + -21?
-31
Evaluate 99 + -113 + -73 + 14.
-73
(-63 - -71) + (1 + -11 - -20) - 104
-86
What is the value of (-4 - -5 - -46) + (184 - 171)?
60
Calculate 11 - ((-3 - (-6 - 5)) + 70 + (-10 - 1)).
-56
What is (-1 - -4) + -19 + 15 + 16 + -17 + 42?
40
Calculate -19 + 7 - (25 + 9 - -7) - (3 + 3).
-59
What is the value of 105 - (2 + 5 + (-43 - (-3 + 9 + -34)))?
113
What is the value of -46 + 293 + -115 - 147?
-15
Calculate 78 - ((-4 - -1 - -1 - -1) + 204 + -198).
73
What is the value of -31 - -7 - (86 - 51)?
-59
Evaluate 21 + -27 + -11 + 17 + (2 - 3).
-1
Evaluate -39 - -33 - -5 - (-5 - 17 - -2).
19
Evaluate 68 - (43 - (56 - (7 - -29))).
45
Calculate (-37 - 25) + 95 - 21.
12
What is the value of -3 + -5 + (70 - 112)?
-50
Calculate 4 - 48 - (-109 + 22) - 51.
-8
What is the value of 15 + -79 + 87 - (-2 + 5 + 143)?
-123
What is the value of 100 + (-12 - (32 - (20 - -4)))?
80
What is the value of (56 - 20) + -41 + 2 + -5 - 16?
-24
Calculate -150 + 99 + 123 + 7.
79
What is (-5 - (11 - 1 - (-155 + 93))) + -12?
-89
Calculate 57 + -12 + 1 + 12 + (3 - (17 - 5)).
49
-50 - -73 - (2 - (-3 + -52))
-34
Evaluate 1 - -41 - (-7 + (-39 - -36)) - 8.
44
-1 + (23 + 15 + -39 - 42)
-44
Calculate 27 + -16 + 30 + 7.
48
Calculate -2 + 106 + (-21 - (-41 - 41)) + -48.
117
Calculate 10 - (104 + -156 + (0 + 0 - (3 - 14))).
51
Calculate 7 + -7 - (-29 + 43 - 17).
3
What is -69 + 15 + 525 + -369?
102
What is the value of 75 + (-6 + 28 - ((1 - 14) + -2 + 26))?
86
Calculate -58 - (19 - (37 - 16 - 10) - 0).
-66
Evaluate 10 + 68 + (-10 - (-6 + -19 + 10 + 8)).
75
Evaluate (2 - 1) + (62 + -232 - -143).
-26
What is the value of (-29 - 25 - -53) + 0 + 0 + -73?
-74
1 - 51 - ((-13 - -3) + -10 + 5 + 17)
-52
What is 8 + (3 - -10 - (1 + -24 + 11 + 13))?
20
1 - -62 - (-3324 - -3353 - (-6 + 3 + 21))
52
(30 + -48 + 38 - -8) + -14
14
What is (-36 - -15) + (-12 - (-39 + 19 - (-9 + 0)))?
-22
What is (1 - 3 - ((38 - 15) + -2 - 15)) + 35?
27
Evaluate 29 + 56 + -15 + -72.
-2
What is the value of (-18 + 17 - (-13 + -37 - 9)) + -23?
35
(0 - 32) + -3 + 63 + -16
12
What is 78 - ((25 - -35 - 59) + -15 + 0)?
92
Evaluate -29 + -15 + 35 + -38.
-47
(-116 - (1 - 0)) + 16 + -27 + -103 + 100
-131
93 + -58 + -19 + 42
58
Evaluate -1 + -1 + -17 + -85 + 20 + 111.
27
What is -91 + 86 + 2 + -11 + 9?
-5
Evaluate 65 + -19 + -54 - (-1 + 8 - -1).
-16
What is the value of 5 + (-10 - -1) + (-88 - -65)?
-27
Calculate 29 - 103 - -82 - (74 + 1).
-67
What is 5 + (13 - 20 - -38)?
36
What is the value of (37 + 3 - 44) + (-1 + 2 - -4) + 29?
30
Evaluate -37 + -6 + 54 - (2 + 40).
-31
(1 - 8 - -3) + (-5 - (57 + -23 - 19))
-24
(-2 - -14) + (27 - 33) + -1 - 15
-10
Evaluate 4 - (2 + -2 + -5) - (53 - 74).
30
Evaluate -38 - (1448 - 1461 - (-10 - 0)).
-35
What is the value of 10 - ((-122 + 297 - 59) + -15 + (0 - -1))?
-92
Calculate (28 - 182) + -1 + 68.
-87
What is the value of -1966 + 1958 - (-28 - (3 + -5))?
18
What is the value of 15 + 3 + (-87 - (-88 + -38))?
57
What is the value of 193 - 183 - (2 + -4 + 59 - (1 + -3))?
-49
Calculate 176 - 0 - (-11332 - -11438).
70
(4 - -59) + 1 + -3 + 108 + -52 + -48
69
(-25 - (40 - 115)) + -87
-37
Evaluate 0 + (10 - 9 - 21) + 26.
6
Evaluate 8 + (0 + -16 - -8) + (0 - -2) + 81.
83
Evaluate -100 + 2 + -180 + 444 + -224.
-58
What is -6 - (-3 + 0) - (125 + -160)?
32
Evaluate 17 + -6 + (-2 - -8).
17
What is (1 - (4 + 0 + -13)) + (-43 - 22) + 66?
11
Calculate -2 - (-8 + 13) - (15 - 31 - -16).
-7
What is the value of -297 + 312 - ((4 - (-134 - (-5 + 6)))